 2*r - 0*r - 56. Suppose o = 13*q - 16*q + 25, 3*o - 60 = -4*q. What is the remainder when r is divided by o?
12
Suppose 0 = 2*c - 5*c + 165. Let g be 1/(-1)*(-115 + 4). Suppose 4*l = 1 + g. Calculate the remainder when c is divided by l.
27
Suppose -3*q + 26 = p, -178 = -5*p - 6*q + 3*q. Calculate the remainder when 226 is divided by p.
36
Let h be 20/(-8)*96/(-15). Let m be 262/(8/(h/4)). Let n = 229 - m. Calculate the remainder when n is divided by 20.
18
Suppose -2*f = -u + 95, 4*u - 336 = -3*f - 0*f. Let a = -209 - -141. Let y = -46 - a. Calculate the remainder when u is divided by y.
21
Let r = -168 + 185. Calculate the remainder when 67 is divided by r.
16
Let l(x) = -59*x - 16. Let u be l(-4). Suppose -u + 987 = 13*g. Calculate the remainder when g is divided by 31.
28
Let m = 10 + -16. Let h be ((-8)/m)/(4/66). Let i = -2 + h. Calculate the remainder when i is divided by 11.
9
Suppose 0 = -3*v + 3*r + 288, 1 = r + 6. Calculate the remainder when 353 is divided by v.
80
Let j(k) = -93*k**3. Let p(m) be the first derivative of -m**3/3 - 5*m**2 - m + 1. Let q be p(-10). Calculate the remainder when j(q) is divided by 24.
21
Let w be 32/(-3 - -7) - 2. Suppose 2*b - 5*v = 66, -3*b - v = -2*b - 19. Calculate the remainder when b is divided by (-24)/(-2) - (w + -7).
10
Let l be -3 + 5/((-10)/(-6)). Suppose g + 5 - 21 = l. Calculate the remainder when g is divided by 6.
4
Suppose -14 = w + 3*o - 7, -w + 33 = -5*o. Calculate the remainder when 56 is divided by w.
0
Let j be 1/((-2)/3)*(-16)/6. Suppose 0 = -3*u + 5*a + 34, 4*u - j*a + 5*a = 53. Calculate the remainder when 50 is divided by u.
11
Let d = -1831 + 1875. What is the remainder when d is divided by 42?
2
Let n = -47 + 28. Let p = n - -36. Calculate the remainder when 83 is divided by p.
15
Suppose -2*g - 58 = 3*v + v, 2*g - 78 = 4*v. Let s = v + 35. Let o = -20 + 25. What is the remainder when s is divided by o?
3
Let m be (-5 + 8)/((-6)/(-4)). Suppose -m*a + 14 = 8. Suppose -a*o - 3 = -36. What is the remainder when 43 is divided by o?
10
Let h(b) = -1 - 6*b + 5*b + 11*b. Let u(f) = -f**3 - 28*f**2 - 27*f + 26. What is the remainder when u(-27) is divided by h(1)?
8
Calculate the remainder when (-572)/(-15) - (-1 + (-153)/(-135)) is divided by 11.
5
Suppose 55*s - 46*s = 378. What is the remainder when s is divided by 16?
10
Let a(o) = -78*o - 354. Let s be 0/(((-6)/3)/2). Let j(v) = v + 13. What is the remainder when a(-5) is divided by j(s)?
10
Suppose 265 = -8*x + 13*x. Suppose -3*y = -u - 37 + 11, 12 = y - 2*u. What is the remainder when x is divided by y?
5
Let i = -2071 + 2114. Let y(m) = 2*m**2 + 5*m - 1. Let d = -4 - 0. What is the remainder when i is divided by y(d)?
10
Suppose 0 = 2*w + w, -20 = -4*p + 4*w. Let t = p + -3. Suppose 0 = -t*n - 0*n + 24. What is the remainder when 35 is divided by n?
11
Let h(x) = -x - 7. Let f be h(6). Let m = 9 + f. Let g = 9 - m. Calculate the remainder when 38 is divided by g.
12
Suppose -7*t = -381 - 179. What is the remainder when 234 is divided by t?
74
Suppose 3*k - 5*s + s - 29 = 0, 0 = -5*k - 4*s + 27. Suppose x - 4 = 3*x. What is the remainder when k is divided by 1/2 - 9/x?
2
Let c(w) be the first derivative of -w**4/4 + 19*w**3/3 - 17*w**2/2 - 5*w - 6. What is the remainder when 62 is divided by c(18)?
10
Suppose p + 120 = -3*p. Suppose -2*w + 14 - 2 = 0. What is the remainder when (-88)/(-9) + p/(-135) is divided by w?
4
Suppose 0 = 2*s + p - 57, -71*s + 4*p + 80 = -68*s. Let z(c) = -c - 1. Calculate the remainder when s is divided by z(-4).
1
Let n = 0 + 19. Suppose -m - n = -4*j, 0*m + 2*m = 3*j - 13. Suppose 30 = -j*q + 145. What is the remainder when 88 is divided by q?
19
Let m = 1855 + -1746. Calculate the remainder when m is divided by 47.
15
Let s be (-2)/(-13) + 357/(-39). Let p = -3 - s. Let c = 16 - 1. Calculate the remainder when c is divided by p.
3
Let k be 2*12*(-9)/(-27). Let l = k + -3. Calculate the remainder when l is divided by 1.
0
Let u(h) = -h**3 - 3*h**2 + h + 2. Let b be u(2). Let f = b - -92. What is the remainder when f is divided by 11?
10
Let m(k) = -k**2 - 41*k + 80. What is the remainder when m(-39) is divided by 2?
0
What is the remainder when (470/60)/((-1)/(-6)) is divided by 9?
2
Suppose 3*o + 72 = -o. What is the remainder when 1*1/(3/21) is divided by (-3)/(-2)*(-24)/o?
1
Suppose -2*f = -2*y - 5*f + 43, 2*y - 44 = -2*f. What is the remainder when 86 is divided by y?
17
Let m = -180 - -215. Calculate the remainder when m is divided by 21.
14
Let g be (4 - 1)/((-6)/28). Let q be (16/56)/((-2)/g). Suppose -j = -2*y + 22, 2*y + 3*j - 14 = q*j. Calculate the remainder when 32 is divided by y.
5
What is the remainder when 79 is divided by (3/(-2))/((-38)/912)?
7
Suppose -2*u + 2 = -4*l, -2*u - 61*l + 64*l + 5 = 0. What is the remainder when 486 is divided by u?
3
Let b = -99 + 129. Calculate the remainder when (-40)/b + 376/3 is divided by 65.
59
Suppose 5*c + 25 = -0*c. Let v(a) = -11*a + 11. Let n be v(c). Suppose -4*f + 10*f = n. Calculate the remainder when f is divided by 7.
4
Let u(q) be the first derivative of -q**2/2 + 19*q + 8. Let f = 93 - 51. Calculate the remainder when f is divided by u(8).
9
Suppose 0 + 20 = o. Let c(g) = -g**3 + 19*g**2 + 21*g - 4. What is the remainder when 45 is divided by c(o)?
13
Let z = -385 + 442. Calculate the remainder when z is divided by 19.
0
Suppose 25 = v + 4*v, -5*o + 5*v = -185. Suppose -241*f + 235*f = -66. What is the remainder when o is divided by f?
9
What is the remainder when 880 is divided by 2 + 10 + 36 + -6?
40
Let q(z) = -z**3 - 14*z**2 + 51*z + 14. What is the remainder when 53 is divided by q(-17)?
11
Let y = 1 + -1. Suppose y*f - 45 = -3*f. Suppose 4*i - 2*m = 22, 3*i - 6*m + 11*m - 23 = 0. What is the remainder when f is divided by i?
3
Let g(o) = -3*o**3 + 30*o**2 - 33*o + 35. Let a(l) = -l**3 + 10*l**2 - 11*l + 12. Let q(t) = -7*a(t) + 2*g(t). What is the remainder when 18 is divided by q(9)?
2
Let u = -36 - -41. Suppose 13 + 12 = -u*h, -4*j + 132 = -4*h. What is the remainder when j is divided by 10?
8
Let g = 22 - 4. Suppose 2*y = 126 - g. What is the remainder when y is divided by 19?
16
Let n(h) = h**3 + 8*h**2 - 7*h - 17. Let j be n(-8). Suppose 3*x - 9 - j = 0. Calculate the remainder when 1 + 1 - 28/(-1) is divided by x.
14
Suppose 2 + 5 = -2*l - 3*g, -2*g - 6 = l. Suppose -43 = -l*s + 33. Let v = -2945 - -2952. What is the remainder when s is divided by v?
5
Let m(c) = c**3 - 2*c**2 - 2*c + 28. Let s be m(0). Calculate the remainder when 111 is divided by s - (-2)/4*2.
24
Let v = 3042 + 189. What is the remainder when v is divided by 42?
39
Suppose 2*t + 8 = 0, -4*t = -0*l - l + 222. Calculate the remainder when l is divided by 13.
11
Let m(l) = l**3 + 3*l**2 + 2*l. Let f be m(-4). Suppose 49*a + 1824 = a. Let j = f - a. Calculate the remainder when 37 is divided by j.
9
Let g(k) = 13*k**2 - k - 13. Suppose 3*y - 76 = 2. What is the remainder when g(3) is divided by y?
23
Let p(l) = -l**2 - 10*l - 6. Let q(c) = -3*c**3 - 3*c**2 - 5*c - 4. Let i be q(-2). Let u = 12 - i. What is the remainder when p(u) is divided by 7?
4
Let m(z) = z**2 + 2*z - 22. What is the remainder when 197 is divided by m(6)?
15
Let z = -105 + 75. Let h = z - -130. Suppose 5*v = v + h. What is the remainder when v is divided by 13?
12
Suppose -16*i = 14*i - 270. Calculate the remainder when 163 is divided by i.
1
Suppose -1 = 5*v - 11. Suppose -4*c - 4*k = -v*k + 12, -2*c = -2*k. Calculate the remainder when 1/(c/(-10)) + 3 is divided by 3.
2
Let i(d) = d**2 - 1. Calculate the remainder when 108 is divided by i(-5).
12
Let m be 5*((-36)/(-10))/6. Suppose -4*x + 72 = 4*v, 4*v - m*v - 2*x = 15. Calculate the remainder when v is divided by 9.
8
Suppose 4*r + 4*w - 404 = 0, -5*r - 4*w = -403 - 107. Let m = 12 + 10. What is the remainder when r is divided by m?
18
Suppose -5*k + 127 = r, -4*r - 230 = -6*r + 2*k. What is the remainder when 467 is divided by r?
116
Suppose 4*r - 3*r + 5 = -5*j, 23 = j + 5*r. Let w be -9 + -3 - 3 - j. Let l = w + 17. Calculate the remainder when 13 is divided by l.
1
Let j = 256 + -39. What is the remainder when j is divided by 56?
49
Let g(k) = k**3 - k - 8 + 20 + 3*k**2 - 5 + 1. Let p be g(-4). Let f = p + 10. What is the re